+ -2 - (-585 + 595)
-11
What is 10 - (8 + -23 + 11) - 17?
-3
-2 + 15 + 7 + -2 + -6 + 2
14
What is -20 - -1 - (153 + -162)?
-10
Calculate (6 - 0 - (-308 + 309)) + -15.
-10
Calculate (0 - (-5 - -6)) + 1 + -1 - 8.
-9
Calculate 12 + (-2 - 13 - -8).
5
-10 + 11 + (-6 - (-3 + 0)) - -11
9
What is the value of 2 - (-11 - -3) - (1 - -3)?
6
(3 - (-3 + -2)) + -2 + (-1 - -9)
14
Calculate 5 + -2 + (129 - 126).
6
Calculate (2 - 13 - -20) + 10 - 53.
-34
What is 4 + (-30 - (-7 - 11))?
-8
What is the value of 14 - (-18 + -2 - -54)?
-20
What is (5 - 12 - (4 - 18 - 7)) + 2?
16
1 + 18 - (589 - 574)
4
What is -6 + -1 + (-14 - (2 - 23))?
0
Calculate 12 - -1 - -9 - (8 - -2).
12
Evaluate (-28 - (3 + 8 - 27)) + 29.
17
What is the value of 3 - (7 + (7 - 11 - (-4 - 10)))?
-14
What is the value of -4 - (-12 - (8 - (6 + -3)) - -9)?
4
What is -4 - (5 - (-17 - -12))?
-14
1 + -37 + (-2 - (9 + -21) - 12)
-38
Evaluate -17 - (-1 + 11 + -3 + -8) - -7.
-9
What is the value of -4 + (22 - (-10 + 17))?
11
What is 19 + -39 + (-5 - (0 - (2 + 2)))?
-21
What is the value of (-3 + 23 - 50) + 25?
-5
What is -4 + (-2 - (8 - 4)) + 23 + 11?
24
What is the value of 12 - 12 - 22 - -11?
-11
-8 + (-4 - (4 + -8)) - -4
-4
What is the value of (-11 + 0 - (-21 - -38 - 26)) + -7?
-9
What is the value of 2 - 5 - (-264 - -224)?
37
Evaluate 7 - -1 - (18 + (-5 - -13 - 20)).
2
Evaluate -25 - (-34 - -17) - 2.
-10
What is the value of 7 + (-2 - (-10 - -5) - 1)?
9
2 + (22 - (6 + (-5 - 4 - -5)))
22
What is (-13 - (-12 + -3)) + (24 - -1) - -6?
33
Calculate -14 + -1 - (37 - 12).
-40
Calculate 35 + -7 + -30 + 11.
9
What is the value of (-3 - 1) + -8 + (-11 - -2) + 7?
-14
What is the value of 37 - -1 - (762 - 727)?
3
What is -6 - (-3 + -20 + 23 + (9 - 0))?
-15
Evaluate 6 + (-13 - (2 - 11)) + (-10 - -5).
-3
Evaluate (6 - -6) + -10 + -5.
-3
Evaluate (-1435 - -1443) + (-33 - (2 - 0)).
-27
Calculate -1 - (-7 + -1 + 8) - -8.
7
Evaluate 504 + -508 + (-8 - 0).
-12
Evaluate -8 - 2 - (28 + -31) - 3.
-10
What is the value of (0 + -35 - (497 - 506)) + (-3 - 6)?
-35
What is (-7 - -10 - (6 + 0)) + -3?
-6
(12 - (19 + -11 - -3)) + -6 + -2
-7
Calculate (-123 - -149) + (-1 - 12).
13
Calculate 28 - (29 + -31 - -7).
23
Calculate 3 + 4 - (-2 + -5).
14
1 - 4 - (756 - 759)
0
Calculate 194 + -202 + (18 - 0).
10
(-8 + 6 - -6 - -1) + -4
1
(-11 - -2) + -15 + 4 + 4 + 8
-8
Evaluate 2 - (-9 - (-1 + -22)).
-12
Calculate -3 - (2 - 11 - -15).
-9
Calculate -5 - (-4 + 3 + (0 - 6) - 4).
6
(1 - -12) + (-6 - (1 - 2)) - 2
6
23 + (-10 - (-22 + 47))
-12
What is the value of (-3 + -13 - (-12 - -5)) + -5 + 36?
22
What is the value of 5 + -1 + 0 + 5 + 6?
15
What is the value of -6 + 19 + 16 + -50 + 13?
-8
What is 0 - (8 - 8) - (5 - 2 - -4)?
-7
What is 9 - (16 + (-10 - -1)) - 7?
-5
What is the value of 2 + -27 - (-44 + 10)?
9
Calculate (-8 - (-6 - 12)) + -16.
-6
Evaluate (-2 - (6 + -7)) + (-2 - 1) - 10.
-14
What is the value of 32 + -17 + -13 + -39?
-37
What is -1 + -2 + 15 + (-51 - -38)?
-1
Calculate 3 + 10 + -2 - (4 + 9).
-2
11 + 16 - (2 + -3 - -8)
20
What is the value of (3 - 1) + -2 + -5 + -2?
-7
What is 8 - (-1 - (-9 + 0)) - -10?
10
What is the value of 7 + (8 - (15 - -5))?
-5
What is (71 - 68) + (-3 - (-4 - (1 + 2)))?
7
Evaluate 8 - 5 - (1 + 6) - 8.
-12
Evaluate (-15 - -46) + (-1 - -3) + -15.
18
(2 - -10) + 1 + 2 - 49
-34
Evaluate -9 + (3 + (-12 - -29) - 12).
-1
What is (10 - 0) + 0 + -4?
6
Evaluate (4 - 2 - 8) + 14.
8
Calculate (2 + -8 - (6 + -5 - -4)) + 2.
-9
Evaluate -4 + 8 - 6 - (-9 - -6).
1
(-73 - 17) + 18 + 44
-28
What is -1 - ((2 - -3) + 1 + (-13 - -1))?
5
(10 - -1) + 8 + -12 + 0 + 5
12
(-21 - -10) + (4 - -7) + 0
0
-21 + -6 + 32 - (7 + -2)
0
Calculate (11 - (-3 + 24)) + (1 - 0) + -4.
-13
Evaluate (9 - (2 - 2)) + (20 - (31 + 8)).
-10
Evaluate (-1 - 1) + 0 + 46 + -53.
-9
What is -1 + -26 - (-11 - (-14 - -2)) - 0?
-28
Calculate (833 - 842 - (0 + 2 - 39)) + 0.
28
-18 + 4 + 37 + -8
15
Evaluate -8 + (-5 - -19) + -11.
-5
What is (-6 - -46 - 18) + (0 - 6)?
16
Calculate 14 - (-4 + 27 + -18) - 17.
-8
Evaluate -55 - (-19 - 23) - (12 - -2).
-27
Evaluate -3 - (-10 - 0) - (26 - 38).
19
Calculate -3 + (14 - 21 - -2).
-8
0 + 5 + -5 + (58 - 76)
-18
Evaluate (16 - 20) + 0 + 1.
-3
-6 - (3 - -1 - (21 + (-8 - 8)))
-5
What is -68 - -73 - (-11 + -1) - 6?
11
-46 - -42 - ((6 - 0) + -27)
17
What is (5 - 23) + 23 + 1 + -2?
4
Evaluate 6 + 1 + 0 + -15 + -8.
-16
Evaluate (-3 - (2 + (-2 - (0 - 0)))) + 10.
7
What is -2 + (-22 - -14) + 19?
9
Calculate (1 - 1) + 0 - (9 - (12 + 10)).
13
Calculate -1 - 25 - -1 - (-52 - (-10 + -34)).
-17
What is the value of -1 + 0 + 5 - (15 - (-16 + 13))?
-14
Evaluate -8 + 12 + -11 + (8 - 18).
-17
What is the value of 25 + 45 + -30 - 69?
-29
What is the value of 1 - (-2 + 0) - (-1 - 17)?
21
(-1 + 7 - 8 - -11) + -22
-13
Calculate (-8 - ((3 - 38) + -1) - 9) + 7.
26
Evaluate (-3 + 6 + -15 - (-4 - -9)) + 5.
-12
What is -169 + 158 + 23 + -2?
10
Calculate -2 + 15 - (29 - 4).
-12
What is the value of 16 - 21 - -11 - -14?
20
Evaluate -7 + -35 + 3 + -1 - (-1 + -4).
-35
What is the value of -9 - (22 + -29 - (0 - 7))?
-9
Evaluate 1 + 6 - (-16 + 15 - -8).
0
Calculate 8 - (-21 + (23 - -18)).
-12
4 + -8 - (-9 + 17)
-12
Evaluate -19 - -13 - (-24 - (2 + -3 - -3)).
20
-6 + (12 - 0) + -6 - 10
-10
0 - -26 - 19 - 12
-5
What is (2 - -8) + (2 - 4) + 3?
11
-40 - (-24 + -2 - (-72 - -54))
-32
Evaluate (20 - (6 + 0)) + -1.
13
What is (-2 - (-3 + -3)) + (-19 - (-3 + -2))?
-10
4 - (12 - (30 + -11 + 6))
17
What is -48 - (-21 + -18) - (-17 + 0)?
8
(7 + 4 - 3) + -8 + -8
-8
What is the value of 12 - 10 - (-83 + 110)?
-25
Evaluate -5 - (13 + -4) - (-27 - -8).
5
(5 - (1 + 7)) + (0 - 4)
-7
What is the value of -20 + 11 - (2 - (28 - 1))?
16
-30 + 9 + (4 - (7 + -3)) + 8
-13
What is -3 + (-7 + -10 - -9 - -10)?
-1
What is 3 - ((14 - (-3 - -4 - 4)) + -2)?
-12
Evaluate 6 - (3 - 0 - (14 + -8 - 7)).
2
Calculate -1 + 7 - (-1 + 41 + -33).
-1
What is (3 - 17) + 18 - ((2 - 3) + 4)?
1
Evaluate -2 + -3 + 10 + -14 + 8.
-1
Evaluate 9 - 14 - (3 - (-4 - -21 - 4)).
5
What is the value of 0 - (-33 + 2) - (57 - (21 + 30))?
25
What is 13 + (1 - -9) + 10 - 5?
28
What is 0 + -2 - 8 - (-10 + -10 + 14)?
-4
What is (-73 + 5 - -89) + -17 + 0?
4
What is 24 + (-63 - -23) + -8?
-24
202 + -178 + 0 + -50
-26
-1 - 10 - (-571 + 559)
1
Calculate -8 + 13 + (-30 - -19).
-6
What is the value of (-5 - -2) + 1 + -3 - (5 - -2)?
-12
Evaluate -4 - -25 - (9 + 5).
7
What is the value of -17 + 0 + -797 + 803?
-11
What is the value of (14 - -14) + -28 - (-7 + 0)?
7
What is the value of 6 + (69 - 54) + -5 + 0 + -1?
15
Evaluate (2 + 6 + -12 - -8 - 5) + 7.
6
Calculate 15 + (12 - 14 - 6 - 23).
-16
What is 5 + (-89 - -104) + (-43 - 2)?
-25
Calculate -5 + (1 - -8) - -1 - 3.
2
9 - ((6 - (-9 + 25 + 3)) + 9)
13
14 + -19 + 2 + 6 - -5 - 36
-28
What is (-9 - -3) + 9 - (-7 - -5)?
5
What is the value of -10 + (-3 + 18 - 19)?
-14
14 - (6 + -15 - -17)
6
Calculate 2 + -8 + 2 + 0 - -12.
8
29 - (15 + -12 - -25)
1
What is the value of (46 - 58) + 0 + 3?
-9
Evaluate (19 + (-8 - 8) - 8) + -7.
-12
Calculate -14 - (6 + -4 + 3 + (-4 - 1)).
-14
-19 + (-14 - -23) + 9 - -34
33
(9 - ((2 - 8) + 9)) + -12 + -1
-7
Calculate -7 + (6 - 5 - (1 - 2)) - -4.
-1
What is the value of 20 + -32 - ((-4 - -11) + -4)?
-15
What is the value of 15 + (-9 + 6 - (1 + -20 + 11))?
20
What is the value of -19 - (-63 - -13 - -16)?
15
Calculate 1 - (70 - 26 - 8).
-35
What is the value of (5 - 2) + 9 + -5 - -5?
12
Calculate 1 - -7 - (575 + -554).
-13
3 + -13 + 39 + 3 + 1
33
What is 0 - (7 + (-47 - -25))?
15
What is the value of -5 + 1 - (8 - (-9 + 5 - -14))?
-2
-17 + 28 - (-2 - -13) - -17
17
Evaluate -3 + (15 - 6 - (2 - 5)).
9
Evaluate 4 - (3 + -1 + 2 + (2 - -2)).
-4
What is the value of -9 - (3 + (11 - 5)) - 1?
-19
Evaluate -6 + (-1 - 0) + 10 + -10.
-7
What is the value of -3 - (-4 + -2 + 7)?
-4
What is -5 + -12 + 11 + 5 + -14?
-15
Calculate 30 + (-15 - 37) + 19.
-3
Calculate 25 + -8 - (6 + -3 + 5).
9
What is (2 - (0 - -11)) + -2 + 8 - -2?
-1
Calculate -5 - (-3 - (-15 + -2) - 6).
-13
Calculate (-1 - 7) + (17 - 4) + 3 + 0.
8
What is the value of 6 + 0 + (20 - 15)?
11
19 + -15 + (-11 + 21 - -2)
16
Evaluate (-2 - 9) + (41 - 18).
12
-9 + -4 + 11 + 1 + -5
-6
Calculate 15 - (5 + -5 - -13).
2
Calculate -10 + 29 + (-23 - -11).
7
1 - 4 - (-14 + 8 + (0 - 2))
5
What is -31 + 16 + (-8 + 3